{"id":1447,"date":"2024-07-08T11:06:10","date_gmt":"2024-07-08T09:06:10","guid":{"rendered":"https:\/\/coraliemua.fr\/?post_type=product&#038;p=1447"},"modified":"2026-03-26T09:13:34","modified_gmt":"2026-03-26T08:13:34","slug":"ebook-creer-sa-clientele","status":"publish","type":"product","link":"https:\/\/coraliemua.fr\/index.php\/produit\/ebook-creer-sa-clientele\/","title":{"rendered":"Ebook &#8211; Cr\u00e9er sa client\u00e8le"},"content":{"rendered":"<p>D\u00e9couvrez notre guide complet \u00ab Cr\u00e9er sa client\u00e8le \u00bb. Cet ebook vous fournit des strat\u00e9gies \u00e9prouv\u00e9es et des conseils pratiques pour attirer et fid\u00e9liser vos clientes. Apprenez \u00e0 promouvoir vos services, \u00e0 maximiser votre pr\u00e9sence en ligne et \u00e0 offrir une exp\u00e9rience client exceptionnelle. Parfait pour les d\u00e9butants et les professionnels souhaitant d\u00e9velopper leur activit\u00e9 et atteindre le succ\u00e8s.<\/p>\n<div>\n<div>\n<p dir=\"auto\">T\u00e9l\u00e9charge-le d\u00e8s maintenant pour avoir toutes les informations n\u00e9cessaires \u00e0 la cr\u00e9ation d\u2019une client\u00e8le durable.<\/p>\n<\/div>\n<\/div>\n","protected":false},"excerpt":{"rendered":"<p>D\u00e9couvrez notre guide complet \u00ab Cr\u00e9er sa client\u00e8le \u00bb. Cet ebook vous fournit des strat\u00e9gies \u00e9prouv\u00e9es et des conseils pratiques pour attirer et fid\u00e9liser vos clientes. Apprenez \u00e0 promouvoir vos services, \u00e0 maximiser votre pr\u00e9sence en ligne et \u00e0 offrir une exp\u00e9rience client exceptionnelle. Parfait pour les d\u00e9butants et les professionnels souhaitant d\u00e9velopper leur activit\u00e9 et atteindre le succ\u00e8s.<\/p>\n<div>\n<div>\n<p dir=\"auto\">T\u00e9l\u00e9charge-le d\u00e8s maintenant pour avoir toutes les informations n\u00e9cessaires \u00e0 la cr\u00e9ation d\u2019une client\u00e8le durable.<\/p>\n<\/div>\n<\/div>\n","protected":false},"featured_media":1460,"comment_status":"open","ping_status":"closed","template":"","meta":[],"product_brand":[],"product_cat":[26],"product_tag":[22,20],"class_list":{"0":"post-1447","1":"product","2":"type-product","3":"status-publish","4":"has-post-thumbnail","6":"product_cat-ebook","7":"product_tag-ebook","8":"product_tag-formation","10":"first","11":"instock","12":"sale","13":"downloadable","14":"shipping-taxable","15":"purchasable","16":"product-type-simple"},"yoast_head":"<!-- This site is optimized with the Yoast SEO plugin v25.3.1 - https:\/\/yoast.com\/wordpress\/plugins\/seo\/ -->\n<title>Ebook - Cr\u00e9er sa client\u00e8le - CoralieMua<\/title>\n<meta name=\"robots\" content=\"index, follow, max-snippet:-1, max-image-preview:large, max-video-preview:-1\" \/>\n<link rel=\"canonical\" href=\"https:\/\/coraliemua.fr\/index.php\/produit\/ebook-creer-sa-clientele\/\" \/>\n<meta property=\"og:locale\" content=\"fr_FR\" \/>\n<meta property=\"og:type\" content=\"article\" \/>\n<meta property=\"og:title\" content=\"Ebook - Cr\u00e9er sa client\u00e8le - CoralieMua\" \/>\n<meta property=\"og:description\" content=\"D\u00e9couvrez notre guide complet \u00ab Cr\u00e9er sa client\u00e8le \u00bb. Cet ebook vous fournit des strat\u00e9gies \u00e9prouv\u00e9es et des conseils pratiques pour attirer et fid\u00e9liser vos clientes. Apprenez \u00e0 promouvoir vos services, \u00e0 maximiser votre pr\u00e9sence en ligne et \u00e0 offrir une exp\u00e9rience client exceptionnelle. Parfait pour les d\u00e9butants et les professionnels souhaitant d\u00e9velopper leur activit\u00e9 et atteindre le succ\u00e8s.   T\u00e9l\u00e9charge-le d\u00e8s maintenant pour avoir toutes les informations n\u00e9cessaires \u00e0 la cr\u00e9ation d\u2019une client\u00e8le durable.\" \/>\n<meta property=\"og:url\" content=\"https:\/\/coraliemua.fr\/index.php\/produit\/ebook-creer-sa-clientele\/\" \/>\n<meta property=\"og:site_name\" content=\"CoralieMua\" \/>\n<meta property=\"article:modified_time\" content=\"2026-03-26T08:13:34+00:00\" \/>\n<meta property=\"og:image\" content=\"https:\/\/coraliemua.fr\/wp-content\/uploads\/2024\/07\/IMG_5276-scaled.jpeg\" \/>\n\t<meta property=\"og:image:width\" content=\"1920\" \/>\n\t<meta property=\"og:image:height\" content=\"2560\" \/>\n\t<meta property=\"og:image:type\" content=\"image\/jpeg\" \/>\n<meta name=\"twitter:card\" content=\"summary_large_image\" \/>\n<meta name=\"twitter:label1\" content=\"Dur\u00e9e de lecture estim\u00e9e\" \/>\n\t<meta name=\"twitter:data1\" content=\"1 minute\" \/>\n<script type=\"application\/ld+json\" class=\"yoast-schema-graph\">{\"@context\":\"https:\/\/schema.org\",\"@graph\":[{\"@type\":\"WebPage\",\"@id\":\"https:\/\/coraliemua.fr\/index.php\/produit\/ebook-creer-sa-clientele\/\",\"url\":\"https:\/\/coraliemua.fr\/index.php\/produit\/ebook-creer-sa-clientele\/\",\"name\":\"Ebook - Cr\u00e9er sa client\u00e8le - CoralieMua\",\"isPartOf\":{\"@id\":\"https:\/\/coraliemua.fr\/#website\"},\"primaryImageOfPage\":{\"@id\":\"https:\/\/coraliemua.fr\/index.php\/produit\/ebook-creer-sa-clientele\/#primaryimage\"},\"image\":{\"@id\":\"https:\/\/coraliemua.fr\/index.php\/produit\/ebook-creer-sa-clientele\/#primaryimage\"},\"thumbnailUrl\":\"https:\/\/coraliemua.fr\/wp-content\/uploads\/2024\/07\/IMG_5276-scaled.jpeg\",\"datePublished\":\"2024-07-08T09:06:10+00:00\",\"dateModified\":\"2026-03-26T08:13:34+00:00\",\"breadcrumb\":{\"@id\":\"https:\/\/coraliemua.fr\/index.php\/produit\/ebook-creer-sa-clientele\/#breadcrumb\"},\"inLanguage\":\"fr-FR\",\"potentialAction\":[{\"@type\":\"ReadAction\",\"target\":[\"https:\/\/coraliemua.fr\/index.php\/produit\/ebook-creer-sa-clientele\/\"]}]},{\"@type\":\"ImageObject\",\"inLanguage\":\"fr-FR\",\"@id\":\"https:\/\/coraliemua.fr\/index.php\/produit\/ebook-creer-sa-clientele\/#primaryimage\",\"url\":\"https:\/\/coraliemua.fr\/wp-content\/uploads\/2024\/07\/IMG_5276-scaled.jpeg\",\"contentUrl\":\"https:\/\/coraliemua.fr\/wp-content\/uploads\/2024\/07\/IMG_5276-scaled.jpeg\",\"width\":1920,\"height\":2560},{\"@type\":\"BreadcrumbList\",\"@id\":\"https:\/\/coraliemua.fr\/index.php\/produit\/ebook-creer-sa-clientele\/#breadcrumb\",\"itemListElement\":[{\"@type\":\"ListItem\",\"position\":1,\"name\":\"Accueil\",\"item\":\"https:\/\/coraliemua.fr\/\"},{\"@type\":\"ListItem\",\"position\":2,\"name\":\"Produits\",\"item\":\"https:\/\/coraliemua.fr\/index.php\/shop\/\"},{\"@type\":\"ListItem\",\"position\":3,\"name\":\"Ebook &#8211; Cr\u00e9er sa client\u00e8le\"}]},{\"@type\":\"WebSite\",\"@id\":\"https:\/\/coraliemua.fr\/#website\",\"url\":\"https:\/\/coraliemua.fr\/\",\"name\":\"CoralieMua\",\"description\":\"Formations en ligne pour proth\u00e9siste ongulaire\",\"potentialAction\":[{\"@type\":\"SearchAction\",\"target\":{\"@type\":\"EntryPoint\",\"urlTemplate\":\"https:\/\/coraliemua.fr\/?s={search_term_string}\"},\"query-input\":{\"@type\":\"PropertyValueSpecification\",\"valueRequired\":true,\"valueName\":\"search_term_string\"}}],\"inLanguage\":\"fr-FR\"}]}<\/script>\n<!-- \/ Yoast SEO plugin. -->","yoast_head_json":{"title":"Ebook - Cr\u00e9er sa client\u00e8le - CoralieMua","robots":{"index":"index","follow":"follow","max-snippet":"max-snippet:-1","max-image-preview":"max-image-preview:large","max-video-preview":"max-video-preview:-1"},"canonical":"https:\/\/coraliemua.fr\/index.php\/produit\/ebook-creer-sa-clientele\/","og_locale":"fr_FR","og_type":"article","og_title":"Ebook - Cr\u00e9er sa client\u00e8le - CoralieMua","og_description":"D\u00e9couvrez notre guide complet \u00ab Cr\u00e9er sa client\u00e8le \u00bb. Cet ebook vous fournit des strat\u00e9gies \u00e9prouv\u00e9es et des conseils pratiques pour attirer et fid\u00e9liser vos clientes. Apprenez \u00e0 promouvoir vos services, \u00e0 maximiser votre pr\u00e9sence en ligne et \u00e0 offrir une exp\u00e9rience client exceptionnelle. Parfait pour les d\u00e9butants et les professionnels souhaitant d\u00e9velopper leur activit\u00e9 et atteindre le succ\u00e8s.   T\u00e9l\u00e9charge-le d\u00e8s maintenant pour avoir toutes les informations n\u00e9cessaires \u00e0 la cr\u00e9ation d\u2019une client\u00e8le durable.","og_url":"https:\/\/coraliemua.fr\/index.php\/produit\/ebook-creer-sa-clientele\/","og_site_name":"CoralieMua","article_modified_time":"2026-03-26T08:13:34+00:00","og_image":[{"width":1920,"height":2560,"url":"https:\/\/coraliemua.fr\/wp-content\/uploads\/2024\/07\/IMG_5276-scaled.jpeg","type":"image\/jpeg"}],"twitter_card":"summary_large_image","twitter_misc":{"Dur\u00e9e de lecture estim\u00e9e":"1 minute"},"schema":{"@context":"https:\/\/schema.org","@graph":[{"@type":"WebPage","@id":"https:\/\/coraliemua.fr\/index.php\/produit\/ebook-creer-sa-clientele\/","url":"https:\/\/coraliemua.fr\/index.php\/produit\/ebook-creer-sa-clientele\/","name":"Ebook - Cr\u00e9er sa client\u00e8le - CoralieMua","isPartOf":{"@id":"https:\/\/coraliemua.fr\/#website"},"primaryImageOfPage":{"@id":"https:\/\/coraliemua.fr\/index.php\/produit\/ebook-creer-sa-clientele\/#primaryimage"},"image":{"@id":"https:\/\/coraliemua.fr\/index.php\/produit\/ebook-creer-sa-clientele\/#primaryimage"},"thumbnailUrl":"https:\/\/coraliemua.fr\/wp-content\/uploads\/2024\/07\/IMG_5276-scaled.jpeg","datePublished":"2024-07-08T09:06:10+00:00","dateModified":"2026-03-26T08:13:34+00:00","breadcrumb":{"@id":"https:\/\/coraliemua.fr\/index.php\/produit\/ebook-creer-sa-clientele\/#breadcrumb"},"inLanguage":"fr-FR","potentialAction":[{"@type":"ReadAction","target":["https:\/\/coraliemua.fr\/index.php\/produit\/ebook-creer-sa-clientele\/"]}]},{"@type":"ImageObject","inLanguage":"fr-FR","@id":"https:\/\/coraliemua.fr\/index.php\/produit\/ebook-creer-sa-clientele\/#primaryimage","url":"https:\/\/coraliemua.fr\/wp-content\/uploads\/2024\/07\/IMG_5276-scaled.jpeg","contentUrl":"https:\/\/coraliemua.fr\/wp-content\/uploads\/2024\/07\/IMG_5276-scaled.jpeg","width":1920,"height":2560},{"@type":"BreadcrumbList","@id":"https:\/\/coraliemua.fr\/index.php\/produit\/ebook-creer-sa-clientele\/#breadcrumb","itemListElement":[{"@type":"ListItem","position":1,"name":"Accueil","item":"https:\/\/coraliemua.fr\/"},{"@type":"ListItem","position":2,"name":"Produits","item":"https:\/\/coraliemua.fr\/index.php\/shop\/"},{"@type":"ListItem","position":3,"name":"Ebook &#8211; Cr\u00e9er sa client\u00e8le"}]},{"@type":"WebSite","@id":"https:\/\/coraliemua.fr\/#website","url":"https:\/\/coraliemua.fr\/","name":"CoralieMua","description":"Formations en ligne pour proth\u00e9siste ongulaire","potentialAction":[{"@type":"SearchAction","target":{"@type":"EntryPoint","urlTemplate":"https:\/\/coraliemua.fr\/?s={search_term_string}"},"query-input":{"@type":"PropertyValueSpecification","valueRequired":true,"valueName":"search_term_string"}}],"inLanguage":"fr-FR"}]}},"_links":{"self":[{"href":"https:\/\/coraliemua.fr\/index.php\/wp-json\/wp\/v2\/product\/1447","targetHints":{"allow":["GET"]}}],"collection":[{"href":"https:\/\/coraliemua.fr\/index.php\/wp-json\/wp\/v2\/product"}],"about":[{"href":"https:\/\/coraliemua.fr\/index.php\/wp-json\/wp\/v2\/types\/product"}],"replies":[{"embeddable":true,"href":"https:\/\/coraliemua.fr\/index.php\/wp-json\/wp\/v2\/comments?post=1447"}],"wp:featuredmedia":[{"embeddable":true,"href":"https:\/\/coraliemua.fr\/index.php\/wp-json\/wp\/v2\/media\/1460"}],"wp:attachment":[{"href":"https:\/\/coraliemua.fr\/index.php\/wp-json\/wp\/v2\/media?parent=1447"}],"wp:term":[{"taxonomy":"product_brand","embeddable":true,"href":"https:\/\/coraliemua.fr\/index.php\/wp-json\/wp\/v2\/product_brand?post=1447"},{"taxonomy":"product_cat","embeddable":true,"href":"https:\/\/coraliemua.fr\/index.php\/wp-json\/wp\/v2\/product_cat?post=1447"},{"taxonomy":"product_tag","embeddable":true,"href":"https:\/\/coraliemua.fr\/index.php\/wp-json\/wp\/v2\/product_tag?post=1447"}],"curies":[{"name":"wp","href":"https:\/\/api.w.org\/{rel}","templated":true}]}}