{"id":1818,"date":"2025-06-20T08:50:30","date_gmt":"2025-06-20T06:50:30","guid":{"rendered":"https:\/\/coraliemua.fr\/?post_type=product&#038;p=1818"},"modified":"2026-03-26T09:13:15","modified_gmt":"2026-03-26T08:13:15","slug":"strategie-instagram","status":"publish","type":"product","link":"https:\/\/coraliemua.fr\/index.php\/produit\/strategie-instagram\/","title":{"rendered":"Strat\u00e9gie Instagram"},"content":{"rendered":"<p style=\"text-align: left\">Tu es proth\u00e9siste ongulaire et tu veux remplir ton agenda, d\u00e9velopper ta client\u00e8le ou lancer tes formations gr\u00e2ce \u00e0 Instagram ?<\/p>\n<p>Ce guide est fait pour toi \u2728<\/p>\n<p>Dans cet ebook 100 % pratique, tu vas apprendre \u00e0 :<\/p>\n<p>\u2714\ufe0f Comprendre le nouvel algorithme Insta<\/p>\n<p>\u2714\ufe0f Attirer plus d\u2019abonn\u00e9s qualifi\u00e9s<\/p>\n<p>\u2714\ufe0f Cr\u00e9er un feed impactant et r\u00e9gulier (m\u00eame si tu manques de temps)<\/p>\n<p>\u2714\ufe0f Transformer tes abonn\u00e9s en clientes ou \u00e9l\u00e8ves<\/p>\n<p>\u2714\ufe0f \u00c9viter les erreurs qui bloquent ta visibilit\u00e9<\/p>\n<p>Avec des conseils simples, des \u00e9tapes concr\u00e8tes, une FAQ, des exemples cibl\u00e9s PO, et surtout une vraie m\u00e9thode adapt\u00e9e \u00e0 ton quotidien charg\u00e9.<\/p>\n","protected":false},"excerpt":{"rendered":"<p>Tu es proth\u00e9siste ongulaire et tu veux remplir ton agenda, d\u00e9velopper ta client\u00e8le ou lancer tes formations gr\u00e2ce \u00e0 Instagram ? Ce guide est fait pour toi \u2728 Dans cet ebook 100 % pratique, tu vas apprendre \u00e0 : \u2714\ufe0f Comprendre le nouvel algorithme Insta \u2714\ufe0f Attirer plus d\u2019abonn\u00e9s qualifi\u00e9s \u2714\ufe0f Cr\u00e9er un feed impactant [&hellip;]<\/p>\n","protected":false},"featured_media":1819,"comment_status":"open","ping_status":"closed","template":"","meta":[],"product_brand":[],"product_cat":[26],"product_tag":[22],"class_list":{"0":"post-1818","1":"product","2":"type-product","3":"status-publish","4":"has-post-thumbnail","6":"product_cat-ebook","7":"product_tag-ebook","9":"first","10":"instock","11":"sale","12":"shipping-taxable","13":"purchasable","14":"product-type-simple"},"yoast_head":"<!-- This site is optimized with the Yoast SEO plugin v25.3.1 - https:\/\/yoast.com\/wordpress\/plugins\/seo\/ -->\n<title>Strat\u00e9gie Instagram - CoralieMua<\/title>\n<meta name=\"robots\" content=\"index, follow, max-snippet:-1, max-image-preview:large, max-video-preview:-1\" \/>\n<link rel=\"canonical\" href=\"https:\/\/coraliemua.fr\/index.php\/produit\/strategie-instagram\/\" \/>\n<meta property=\"og:locale\" content=\"fr_FR\" \/>\n<meta property=\"og:type\" content=\"article\" \/>\n<meta property=\"og:title\" content=\"Strat\u00e9gie Instagram - CoralieMua\" \/>\n<meta property=\"og:description\" content=\"Tu es proth\u00e9siste ongulaire et tu veux remplir ton agenda, d\u00e9velopper ta client\u00e8le ou lancer tes formations gr\u00e2ce \u00e0 Instagram ? Ce guide est fait pour toi \u2728 Dans cet ebook 100 % pratique, tu vas apprendre \u00e0 : \u2714\ufe0f Comprendre le nouvel algorithme Insta \u2714\ufe0f Attirer plus d\u2019abonn\u00e9s qualifi\u00e9s \u2714\ufe0f Cr\u00e9er un feed impactant [&hellip;]\" \/>\n<meta property=\"og:url\" content=\"https:\/\/coraliemua.fr\/index.php\/produit\/strategie-instagram\/\" \/>\n<meta property=\"og:site_name\" content=\"CoralieMua\" \/>\n<meta property=\"article:modified_time\" content=\"2026-03-26T08:13:15+00:00\" \/>\n<meta property=\"og:image\" content=\"https:\/\/coraliemua.fr\/wp-content\/uploads\/2025\/06\/27BEB252-79E0-45D7-879F-B7FE5BB83D9A.jpeg\" \/>\n\t<meta property=\"og:image:width\" content=\"1290\" \/>\n\t<meta property=\"og:image:height\" content=\"2293\" \/>\n\t<meta property=\"og:image:type\" content=\"image\/jpeg\" \/>\n<meta name=\"twitter:card\" content=\"summary_large_image\" \/>\n<meta name=\"twitter:label1\" content=\"Dur\u00e9e de lecture estim\u00e9e\" \/>\n\t<meta name=\"twitter:data1\" content=\"1 minute\" \/>\n<script type=\"application\/ld+json\" class=\"yoast-schema-graph\">{\"@context\":\"https:\/\/schema.org\",\"@graph\":[{\"@type\":\"WebPage\",\"@id\":\"https:\/\/coraliemua.fr\/index.php\/produit\/strategie-instagram\/\",\"url\":\"https:\/\/coraliemua.fr\/index.php\/produit\/strategie-instagram\/\",\"name\":\"Strat\u00e9gie Instagram - CoralieMua\",\"isPartOf\":{\"@id\":\"https:\/\/coraliemua.fr\/#website\"},\"primaryImageOfPage\":{\"@id\":\"https:\/\/coraliemua.fr\/index.php\/produit\/strategie-instagram\/#primaryimage\"},\"image\":{\"@id\":\"https:\/\/coraliemua.fr\/index.php\/produit\/strategie-instagram\/#primaryimage\"},\"thumbnailUrl\":\"https:\/\/coraliemua.fr\/wp-content\/uploads\/2025\/06\/27BEB252-79E0-45D7-879F-B7FE5BB83D9A.jpeg\",\"datePublished\":\"2025-06-20T06:50:30+00:00\",\"dateModified\":\"2026-03-26T08:13:15+00:00\",\"breadcrumb\":{\"@id\":\"https:\/\/coraliemua.fr\/index.php\/produit\/strategie-instagram\/#breadcrumb\"},\"inLanguage\":\"fr-FR\",\"potentialAction\":[{\"@type\":\"ReadAction\",\"target\":[\"https:\/\/coraliemua.fr\/index.php\/produit\/strategie-instagram\/\"]}]},{\"@type\":\"ImageObject\",\"inLanguage\":\"fr-FR\",\"@id\":\"https:\/\/coraliemua.fr\/index.php\/produit\/strategie-instagram\/#primaryimage\",\"url\":\"https:\/\/coraliemua.fr\/wp-content\/uploads\/2025\/06\/27BEB252-79E0-45D7-879F-B7FE5BB83D9A.jpeg\",\"contentUrl\":\"https:\/\/coraliemua.fr\/wp-content\/uploads\/2025\/06\/27BEB252-79E0-45D7-879F-B7FE5BB83D9A.jpeg\",\"width\":1290,\"height\":2293},{\"@type\":\"BreadcrumbList\",\"@id\":\"https:\/\/coraliemua.fr\/index.php\/produit\/strategie-instagram\/#breadcrumb\",\"itemListElement\":[{\"@type\":\"ListItem\",\"position\":1,\"name\":\"Accueil\",\"item\":\"https:\/\/coraliemua.fr\/\"},{\"@type\":\"ListItem\",\"position\":2,\"name\":\"Produits\",\"item\":\"https:\/\/coraliemua.fr\/index.php\/shop\/\"},{\"@type\":\"ListItem\",\"position\":3,\"name\":\"Strat\u00e9gie Instagram\"}]},{\"@type\":\"WebSite\",\"@id\":\"https:\/\/coraliemua.fr\/#website\",\"url\":\"https:\/\/coraliemua.fr\/\",\"name\":\"CoralieMua\",\"description\":\"Formations en ligne pour proth\u00e9siste ongulaire\",\"potentialAction\":[{\"@type\":\"SearchAction\",\"target\":{\"@type\":\"EntryPoint\",\"urlTemplate\":\"https:\/\/coraliemua.fr\/?s={search_term_string}\"},\"query-input\":{\"@type\":\"PropertyValueSpecification\",\"valueRequired\":true,\"valueName\":\"search_term_string\"}}],\"inLanguage\":\"fr-FR\"}]}<\/script>\n<!-- \/ Yoast SEO plugin. -->","yoast_head_json":{"title":"Strat\u00e9gie Instagram - CoralieMua","robots":{"index":"index","follow":"follow","max-snippet":"max-snippet:-1","max-image-preview":"max-image-preview:large","max-video-preview":"max-video-preview:-1"},"canonical":"https:\/\/coraliemua.fr\/index.php\/produit\/strategie-instagram\/","og_locale":"fr_FR","og_type":"article","og_title":"Strat\u00e9gie Instagram - CoralieMua","og_description":"Tu es proth\u00e9siste ongulaire et tu veux remplir ton agenda, d\u00e9velopper ta client\u00e8le ou lancer tes formations gr\u00e2ce \u00e0 Instagram ? Ce guide est fait pour toi \u2728 Dans cet ebook 100 % pratique, tu vas apprendre \u00e0 : \u2714\ufe0f Comprendre le nouvel algorithme Insta \u2714\ufe0f Attirer plus d\u2019abonn\u00e9s qualifi\u00e9s \u2714\ufe0f Cr\u00e9er un feed impactant [&hellip;]","og_url":"https:\/\/coraliemua.fr\/index.php\/produit\/strategie-instagram\/","og_site_name":"CoralieMua","article_modified_time":"2026-03-26T08:13:15+00:00","og_image":[{"width":1290,"height":2293,"url":"https:\/\/coraliemua.fr\/wp-content\/uploads\/2025\/06\/27BEB252-79E0-45D7-879F-B7FE5BB83D9A.jpeg","type":"image\/jpeg"}],"twitter_card":"summary_large_image","twitter_misc":{"Dur\u00e9e de lecture estim\u00e9e":"1 minute"},"schema":{"@context":"https:\/\/schema.org","@graph":[{"@type":"WebPage","@id":"https:\/\/coraliemua.fr\/index.php\/produit\/strategie-instagram\/","url":"https:\/\/coraliemua.fr\/index.php\/produit\/strategie-instagram\/","name":"Strat\u00e9gie Instagram - CoralieMua","isPartOf":{"@id":"https:\/\/coraliemua.fr\/#website"},"primaryImageOfPage":{"@id":"https:\/\/coraliemua.fr\/index.php\/produit\/strategie-instagram\/#primaryimage"},"image":{"@id":"https:\/\/coraliemua.fr\/index.php\/produit\/strategie-instagram\/#primaryimage"},"thumbnailUrl":"https:\/\/coraliemua.fr\/wp-content\/uploads\/2025\/06\/27BEB252-79E0-45D7-879F-B7FE5BB83D9A.jpeg","datePublished":"2025-06-20T06:50:30+00:00","dateModified":"2026-03-26T08:13:15+00:00","breadcrumb":{"@id":"https:\/\/coraliemua.fr\/index.php\/produit\/strategie-instagram\/#breadcrumb"},"inLanguage":"fr-FR","potentialAction":[{"@type":"ReadAction","target":["https:\/\/coraliemua.fr\/index.php\/produit\/strategie-instagram\/"]}]},{"@type":"ImageObject","inLanguage":"fr-FR","@id":"https:\/\/coraliemua.fr\/index.php\/produit\/strategie-instagram\/#primaryimage","url":"https:\/\/coraliemua.fr\/wp-content\/uploads\/2025\/06\/27BEB252-79E0-45D7-879F-B7FE5BB83D9A.jpeg","contentUrl":"https:\/\/coraliemua.fr\/wp-content\/uploads\/2025\/06\/27BEB252-79E0-45D7-879F-B7FE5BB83D9A.jpeg","width":1290,"height":2293},{"@type":"BreadcrumbList","@id":"https:\/\/coraliemua.fr\/index.php\/produit\/strategie-instagram\/#breadcrumb","itemListElement":[{"@type":"ListItem","position":1,"name":"Accueil","item":"https:\/\/coraliemua.fr\/"},{"@type":"ListItem","position":2,"name":"Produits","item":"https:\/\/coraliemua.fr\/index.php\/shop\/"},{"@type":"ListItem","position":3,"name":"Strat\u00e9gie Instagram"}]},{"@type":"WebSite","@id":"https:\/\/coraliemua.fr\/#website","url":"https:\/\/coraliemua.fr\/","name":"CoralieMua","description":"Formations en ligne pour proth\u00e9siste ongulaire","potentialAction":[{"@type":"SearchAction","target":{"@type":"EntryPoint","urlTemplate":"https:\/\/coraliemua.fr\/?s={search_term_string}"},"query-input":{"@type":"PropertyValueSpecification","valueRequired":true,"valueName":"search_term_string"}}],"inLanguage":"fr-FR"}]}},"_links":{"self":[{"href":"https:\/\/coraliemua.fr\/index.php\/wp-json\/wp\/v2\/product\/1818","targetHints":{"allow":["GET"]}}],"collection":[{"href":"https:\/\/coraliemua.fr\/index.php\/wp-json\/wp\/v2\/product"}],"about":[{"href":"https:\/\/coraliemua.fr\/index.php\/wp-json\/wp\/v2\/types\/product"}],"replies":[{"embeddable":true,"href":"https:\/\/coraliemua.fr\/index.php\/wp-json\/wp\/v2\/comments?post=1818"}],"wp:featuredmedia":[{"embeddable":true,"href":"https:\/\/coraliemua.fr\/index.php\/wp-json\/wp\/v2\/media\/1819"}],"wp:attachment":[{"href":"https:\/\/coraliemua.fr\/index.php\/wp-json\/wp\/v2\/media?parent=1818"}],"wp:term":[{"taxonomy":"product_brand","embeddable":true,"href":"https:\/\/coraliemua.fr\/index.php\/wp-json\/wp\/v2\/product_brand?post=1818"},{"taxonomy":"product_cat","embeddable":true,"href":"https:\/\/coraliemua.fr\/index.php\/wp-json\/wp\/v2\/product_cat?post=1818"},{"taxonomy":"product_tag","embeddable":true,"href":"https:\/\/coraliemua.fr\/index.php\/wp-json\/wp\/v2\/product_tag?post=1818"}],"curies":[{"name":"wp","href":"https:\/\/api.w.org\/{rel}","templated":true}]}}