{"id":30,"date":"2023-10-17T10:41:06","date_gmt":"2023-10-17T08:41:06","guid":{"rendered":"https:\/\/coraliemua.fr\/?post_type=product&#038;p=30"},"modified":"2026-03-26T09:15:32","modified_gmt":"2026-03-26T08:15:32","slug":"le-guide-deviens-prothesiste-ongulaire-independante","status":"publish","type":"product","link":"https:\/\/coraliemua.fr\/index.php\/produit\/le-guide-deviens-prothesiste-ongulaire-independante\/","title":{"rendered":"Ebook &#8211; Le Guide : deviens proth\u00e9siste ongulaire ind\u00e9pendante"},"content":{"rendered":"<div class=\"flex flex-grow flex-col gap-3 max-w-full\">\n<div class=\"min-h-[20px] flex flex-col items-start gap-3 whitespace-pre-wrap break-words overflow-x-auto\" data-message-author-role=\"assistant\" data-message-id=\"2c7e911d-b3da-4c2e-8e96-4974a4f15d10\">\n<div class=\"markdown prose w-full break-words dark:prose-invert dark\">\n<p>D\u00e9couvre cet Ebook complet qui s&rsquo;\u00e9tend sur 40 pages d\u00e9di\u00e9es \u00e0 la cr\u00e9ation d&rsquo;entreprise, aux aspects fiscaux, \u00e0 la comptabilit\u00e9, \u00e0 la l\u00e9gislation, et \u00e0 tout ce que tu devrais conna\u00eetre avant de te lancer dans l&rsquo;aventure entrepreneuriale.<\/p>\n<p>Que tu sois aux pr\u00e9mices de tes d\u00e9marches ou que tu exerces d\u00e9j\u00e0 en tant que proth\u00e9siste ongulaire avec des questions en suspens, ce guide est con\u00e7u pour toi. Il couvre en d\u00e9tail toutes les \u00e9tapes n\u00e9cessaires pour la cr\u00e9ation de ton entreprise, et te fournit \u00e9galement un aper\u00e7u complet de la gestion d&rsquo;une micro-entreprise dans le domaine de la proth\u00e9sie ongulaire.<\/p>\n<p>\u00c0 travers ces 40 pages, je t&rsquo;offre des conseils pr\u00e9cieux, des informations pratiques, et des directives claires pour t&rsquo;aider \u00e0 naviguer dans le monde complexe de l&rsquo;entrepreneuriat en toute confiance. Que ce soit pour comprendre les r\u00e9glementations, optimiser ta comptabilit\u00e9, ou g\u00e9rer efficacement les questions fiscales, cet Ebook te guidera \u00e9tape par \u00e9tape.<\/p>\n<p>T\u00e9l\u00e9charge-le d\u00e8s maintenant, que tu sois sur le point de te lancer ou que tu cherches \u00e0 consolider ta micro-entreprise existante. Tu trouveras ici des r\u00e9ponses \u00e0 toutes tes questions, ainsi qu&rsquo;un chemin vers le succ\u00e8s en tant que proth\u00e9siste ongulaire entrepreneur.<\/p>\n<\/div>\n<\/div>\n<\/div>\n","protected":false},"excerpt":{"rendered":"<p>Ce guide contient 40 pages sur la cr\u00e9ation d&rsquo;entreprise, les taxes, la comptabilit\u00e9, la l\u00e9gislation et tout ce dont tu auras besoin de savoir avant de te lancer.<\/p>\n<p>Toutes les \u00e9tapes de la cr\u00e9ation d&rsquo;entreprise ainsi que les \u00e9tapes pour g\u00e9rer ta micro-entreprise en tant que proth\u00e9siste ongulaire.<\/p>\n<p>Il te conviendra que tu sois au d\u00e9but de tes d\u00e9marches ou que tu sois d\u00e9j\u00e0 install\u00e9(e) en ayant des questionnement.<\/p>\n<p>&nbsp;<\/p>\n","protected":false},"featured_media":278,"comment_status":"open","ping_status":"closed","template":"","meta":[],"product_brand":[],"product_cat":[26],"product_tag":[22],"class_list":{"0":"post-30","1":"product","2":"type-product","3":"status-publish","4":"has-post-thumbnail","6":"product_cat-ebook","7":"product_tag-ebook","9":"first","10":"instock","11":"sale","12":"downloadable","13":"shipping-taxable","14":"purchasable","15":"product-type-simple"},"yoast_head":"<!-- This site is optimized with the Yoast SEO plugin v25.3.1 - https:\/\/yoast.com\/wordpress\/plugins\/seo\/ -->\n<title>Ebook - Le Guide : deviens proth\u00e9siste ongulaire ind\u00e9pendante - CoralieMua<\/title>\n<meta name=\"description\" content=\"D\u00e9couvres mon ebook qui te guide \u00e0 la cr\u00e9ation de ton entreprise en tant que proth\u00e9siste ongulaire et autre. Conseils et astuces d&#039;une professionnelle\" \/>\n<meta name=\"robots\" content=\"index, follow, max-snippet:-1, max-image-preview:large, max-video-preview:-1\" \/>\n<link rel=\"canonical\" href=\"https:\/\/coraliemua.fr\/index.php\/produit\/le-guide-deviens-prothesiste-ongulaire-independante\/\" \/>\n<meta property=\"og:locale\" content=\"fr_FR\" \/>\n<meta property=\"og:type\" content=\"article\" \/>\n<meta property=\"og:title\" content=\"Ebook - Le Guide : deviens proth\u00e9siste ongulaire ind\u00e9pendante - CoralieMua\" \/>\n<meta property=\"og:description\" content=\"D\u00e9couvres mon ebook qui te guide \u00e0 la cr\u00e9ation de ton entreprise en tant que proth\u00e9siste ongulaire et autre. Conseils et astuces d&#039;une professionnelle\" \/>\n<meta property=\"og:url\" content=\"https:\/\/coraliemua.fr\/index.php\/produit\/le-guide-deviens-prothesiste-ongulaire-independante\/\" \/>\n<meta property=\"og:site_name\" content=\"CoralieMua\" \/>\n<meta property=\"article:modified_time\" content=\"2026-03-26T08:15:32+00:00\" \/>\n<meta property=\"og:image\" content=\"https:\/\/coraliemua.fr\/wp-content\/uploads\/2023\/10\/IMG_1909.jpeg\" \/>\n\t<meta property=\"og:image:width\" content=\"849\" \/>\n\t<meta property=\"og:image:height\" content=\"849\" \/>\n\t<meta property=\"og:image:type\" content=\"image\/jpeg\" \/>\n<meta name=\"twitter:card\" content=\"summary_large_image\" \/>\n<meta name=\"twitter:label1\" content=\"Dur\u00e9e de lecture estim\u00e9e\" \/>\n\t<meta name=\"twitter:data1\" content=\"1 minute\" \/>\n<script type=\"application\/ld+json\" class=\"yoast-schema-graph\">{\"@context\":\"https:\/\/schema.org\",\"@graph\":[{\"@type\":\"WebPage\",\"@id\":\"https:\/\/coraliemua.fr\/index.php\/produit\/le-guide-deviens-prothesiste-ongulaire-independante\/\",\"url\":\"https:\/\/coraliemua.fr\/index.php\/produit\/le-guide-deviens-prothesiste-ongulaire-independante\/\",\"name\":\"Ebook - Le Guide : deviens proth\u00e9siste ongulaire ind\u00e9pendante - CoralieMua\",\"isPartOf\":{\"@id\":\"https:\/\/coraliemua.fr\/#website\"},\"primaryImageOfPage\":{\"@id\":\"https:\/\/coraliemua.fr\/index.php\/produit\/le-guide-deviens-prothesiste-ongulaire-independante\/#primaryimage\"},\"image\":{\"@id\":\"https:\/\/coraliemua.fr\/index.php\/produit\/le-guide-deviens-prothesiste-ongulaire-independante\/#primaryimage\"},\"thumbnailUrl\":\"https:\/\/coraliemua.fr\/wp-content\/uploads\/2023\/10\/IMG_1909.jpeg\",\"datePublished\":\"2023-10-17T08:41:06+00:00\",\"dateModified\":\"2026-03-26T08:15:32+00:00\",\"description\":\"D\u00e9couvres mon ebook qui te guide \u00e0 la cr\u00e9ation de ton entreprise en tant que proth\u00e9siste ongulaire et autre. Conseils et astuces d'une professionnelle\",\"breadcrumb\":{\"@id\":\"https:\/\/coraliemua.fr\/index.php\/produit\/le-guide-deviens-prothesiste-ongulaire-independante\/#breadcrumb\"},\"inLanguage\":\"fr-FR\",\"potentialAction\":[{\"@type\":\"ReadAction\",\"target\":[\"https:\/\/coraliemua.fr\/index.php\/produit\/le-guide-deviens-prothesiste-ongulaire-independante\/\"]}]},{\"@type\":\"ImageObject\",\"inLanguage\":\"fr-FR\",\"@id\":\"https:\/\/coraliemua.fr\/index.php\/produit\/le-guide-deviens-prothesiste-ongulaire-independante\/#primaryimage\",\"url\":\"https:\/\/coraliemua.fr\/wp-content\/uploads\/2023\/10\/IMG_1909.jpeg\",\"contentUrl\":\"https:\/\/coraliemua.fr\/wp-content\/uploads\/2023\/10\/IMG_1909.jpeg\",\"width\":849,\"height\":849},{\"@type\":\"BreadcrumbList\",\"@id\":\"https:\/\/coraliemua.fr\/index.php\/produit\/le-guide-deviens-prothesiste-ongulaire-independante\/#breadcrumb\",\"itemListElement\":[{\"@type\":\"ListItem\",\"position\":1,\"name\":\"Accueil\",\"item\":\"https:\/\/coraliemua.fr\/\"},{\"@type\":\"ListItem\",\"position\":2,\"name\":\"Produits\",\"item\":\"https:\/\/coraliemua.fr\/index.php\/shop\/\"},{\"@type\":\"ListItem\",\"position\":3,\"name\":\"Ebook &#8211; Le Guide : deviens proth\u00e9siste ongulaire ind\u00e9pendante\"}]},{\"@type\":\"WebSite\",\"@id\":\"https:\/\/coraliemua.fr\/#website\",\"url\":\"https:\/\/coraliemua.fr\/\",\"name\":\"CoralieMua\",\"description\":\"Formations en ligne pour proth\u00e9siste ongulaire\",\"potentialAction\":[{\"@type\":\"SearchAction\",\"target\":{\"@type\":\"EntryPoint\",\"urlTemplate\":\"https:\/\/coraliemua.fr\/?s={search_term_string}\"},\"query-input\":{\"@type\":\"PropertyValueSpecification\",\"valueRequired\":true,\"valueName\":\"search_term_string\"}}],\"inLanguage\":\"fr-FR\"}]}<\/script>\n<!-- \/ Yoast SEO plugin. -->","yoast_head_json":{"title":"Ebook - Le Guide : deviens proth\u00e9siste ongulaire ind\u00e9pendante - CoralieMua","description":"D\u00e9couvres mon ebook qui te guide \u00e0 la cr\u00e9ation de ton entreprise en tant que proth\u00e9siste ongulaire et autre. Conseils et astuces d'une professionnelle","robots":{"index":"index","follow":"follow","max-snippet":"max-snippet:-1","max-image-preview":"max-image-preview:large","max-video-preview":"max-video-preview:-1"},"canonical":"https:\/\/coraliemua.fr\/index.php\/produit\/le-guide-deviens-prothesiste-ongulaire-independante\/","og_locale":"fr_FR","og_type":"article","og_title":"Ebook - Le Guide : deviens proth\u00e9siste ongulaire ind\u00e9pendante - CoralieMua","og_description":"D\u00e9couvres mon ebook qui te guide \u00e0 la cr\u00e9ation de ton entreprise en tant que proth\u00e9siste ongulaire et autre. Conseils et astuces d'une professionnelle","og_url":"https:\/\/coraliemua.fr\/index.php\/produit\/le-guide-deviens-prothesiste-ongulaire-independante\/","og_site_name":"CoralieMua","article_modified_time":"2026-03-26T08:15:32+00:00","og_image":[{"width":849,"height":849,"url":"https:\/\/coraliemua.fr\/wp-content\/uploads\/2023\/10\/IMG_1909.jpeg","type":"image\/jpeg"}],"twitter_card":"summary_large_image","twitter_misc":{"Dur\u00e9e de lecture estim\u00e9e":"1 minute"},"schema":{"@context":"https:\/\/schema.org","@graph":[{"@type":"WebPage","@id":"https:\/\/coraliemua.fr\/index.php\/produit\/le-guide-deviens-prothesiste-ongulaire-independante\/","url":"https:\/\/coraliemua.fr\/index.php\/produit\/le-guide-deviens-prothesiste-ongulaire-independante\/","name":"Ebook - Le Guide : deviens proth\u00e9siste ongulaire ind\u00e9pendante - CoralieMua","isPartOf":{"@id":"https:\/\/coraliemua.fr\/#website"},"primaryImageOfPage":{"@id":"https:\/\/coraliemua.fr\/index.php\/produit\/le-guide-deviens-prothesiste-ongulaire-independante\/#primaryimage"},"image":{"@id":"https:\/\/coraliemua.fr\/index.php\/produit\/le-guide-deviens-prothesiste-ongulaire-independante\/#primaryimage"},"thumbnailUrl":"https:\/\/coraliemua.fr\/wp-content\/uploads\/2023\/10\/IMG_1909.jpeg","datePublished":"2023-10-17T08:41:06+00:00","dateModified":"2026-03-26T08:15:32+00:00","description":"D\u00e9couvres mon ebook qui te guide \u00e0 la cr\u00e9ation de ton entreprise en tant que proth\u00e9siste ongulaire et autre. Conseils et astuces d'une professionnelle","breadcrumb":{"@id":"https:\/\/coraliemua.fr\/index.php\/produit\/le-guide-deviens-prothesiste-ongulaire-independante\/#breadcrumb"},"inLanguage":"fr-FR","potentialAction":[{"@type":"ReadAction","target":["https:\/\/coraliemua.fr\/index.php\/produit\/le-guide-deviens-prothesiste-ongulaire-independante\/"]}]},{"@type":"ImageObject","inLanguage":"fr-FR","@id":"https:\/\/coraliemua.fr\/index.php\/produit\/le-guide-deviens-prothesiste-ongulaire-independante\/#primaryimage","url":"https:\/\/coraliemua.fr\/wp-content\/uploads\/2023\/10\/IMG_1909.jpeg","contentUrl":"https:\/\/coraliemua.fr\/wp-content\/uploads\/2023\/10\/IMG_1909.jpeg","width":849,"height":849},{"@type":"BreadcrumbList","@id":"https:\/\/coraliemua.fr\/index.php\/produit\/le-guide-deviens-prothesiste-ongulaire-independante\/#breadcrumb","itemListElement":[{"@type":"ListItem","position":1,"name":"Accueil","item":"https:\/\/coraliemua.fr\/"},{"@type":"ListItem","position":2,"name":"Produits","item":"https:\/\/coraliemua.fr\/index.php\/shop\/"},{"@type":"ListItem","position":3,"name":"Ebook &#8211; Le Guide : deviens proth\u00e9siste ongulaire ind\u00e9pendante"}]},{"@type":"WebSite","@id":"https:\/\/coraliemua.fr\/#website","url":"https:\/\/coraliemua.fr\/","name":"CoralieMua","description":"Formations en ligne pour proth\u00e9siste ongulaire","potentialAction":[{"@type":"SearchAction","target":{"@type":"EntryPoint","urlTemplate":"https:\/\/coraliemua.fr\/?s={search_term_string}"},"query-input":{"@type":"PropertyValueSpecification","valueRequired":true,"valueName":"search_term_string"}}],"inLanguage":"fr-FR"}]}},"_links":{"self":[{"href":"https:\/\/coraliemua.fr\/index.php\/wp-json\/wp\/v2\/product\/30","targetHints":{"allow":["GET"]}}],"collection":[{"href":"https:\/\/coraliemua.fr\/index.php\/wp-json\/wp\/v2\/product"}],"about":[{"href":"https:\/\/coraliemua.fr\/index.php\/wp-json\/wp\/v2\/types\/product"}],"replies":[{"embeddable":true,"href":"https:\/\/coraliemua.fr\/index.php\/wp-json\/wp\/v2\/comments?post=30"}],"wp:featuredmedia":[{"embeddable":true,"href":"https:\/\/coraliemua.fr\/index.php\/wp-json\/wp\/v2\/media\/278"}],"wp:attachment":[{"href":"https:\/\/coraliemua.fr\/index.php\/wp-json\/wp\/v2\/media?parent=30"}],"wp:term":[{"taxonomy":"product_brand","embeddable":true,"href":"https:\/\/coraliemua.fr\/index.php\/wp-json\/wp\/v2\/product_brand?post=30"},{"taxonomy":"product_cat","embeddable":true,"href":"https:\/\/coraliemua.fr\/index.php\/wp-json\/wp\/v2\/product_cat?post=30"},{"taxonomy":"product_tag","embeddable":true,"href":"https:\/\/coraliemua.fr\/index.php\/wp-json\/wp\/v2\/product_tag?post=30"}],"curies":[{"name":"wp","href":"https:\/\/api.w.org\/{rel}","templated":true}]}}