{"id":581,"date":"2023-11-08T09:59:55","date_gmt":"2023-11-08T08:59:55","guid":{"rendered":"https:\/\/coraliemua.fr\/?post_type=product&#038;p=581"},"modified":"2026-03-26T09:18:05","modified_gmt":"2026-03-26T08:18:05","slug":"nail-art-technique-airbrush","status":"publish","type":"product","link":"https:\/\/coraliemua.fr\/index.php\/produit\/nail-art-technique-airbrush\/","title":{"rendered":"Nail Art technique &#8211; Airbrush"},"content":{"rendered":"<div class=\"flex flex-grow flex-col max-w-full gap-3 gizmo:gap-0\">\n<div class=\"min-h-[20px] text-message peer flex flex-col items-start gap-3 whitespace-pre-wrap break-words peer-[.text-message]:mt-5 overflow-x-auto\" data-message-author-role=\"assistant\" data-message-id=\"a71e9b1d-a7cc-4fe4-90dd-faf3de99d161\">\n<div class=\"markdown prose w-full break-words dark:prose-invert dark\">\n<p>Outil tendance depuis quelques mois, le Airbrush s&rsquo;est impos\u00e9 comme un accessoire incontournable. Pour perfectionner votre expertise et rester \u00e0 la pointe des tendances, ma formation vid\u00e9o d\u00e9di\u00e9e \u00e0 l&rsquo;a\u00e9rographe est l\u00e0 pour vous faire d\u00e9couvrir cette technique de nail art.<\/p>\n<p>Au cours de cette formation, vous d\u00e9couvrirez les secrets de trois designs incontournables \u00e0 r\u00e9aliser \u00e0 l&rsquo;a\u00e9rographe : Aura Nails,\u00a0 l&rsquo;Effet Tie &amp; Die\u00a0 , et ma\u00eetrisez le d\u00e9licat du \u00ab\u00a0Baby Color\u00a0\u00bb .<\/p>\n<p>Cette formation vous guidera \u00e0 travers chaque \u00e9tape du processus, des techniques de base aux astuces avanc\u00e9es, afin de vous assurer une ma\u00eetrise compl\u00e8te de l&rsquo;a\u00e9rographe. Vous b\u00e9n\u00e9ficierez \u00e9galement d&rsquo;un certificat de formation, attestant le suivi de cette formation.<\/p>\n<p>De plus, avec un acc\u00e8s \u00e0 vie \u00e0 cette formation en ligne, vous pourrez revisiter le contenu \u00e0 votre rythme, approfondir vos comp\u00e9tences et rester constamment \u00e0 jour.<\/p>\n<\/div>\n<\/div>\n<\/div>\n","protected":false},"excerpt":{"rendered":"<div dir=\"auto\"><\/div>\n<div dir=\"auto\">\u00ab FORMATION AIRBRUSH \u00bb<\/div>\n<div dir=\"auto\"><\/div>\n<div dir=\"auto\">\n<div>\n<p>outil tendance depuis quelques mois, le airbrush est devenu un accessoire indispensable dans votre activit\u00e9 de proth\u00e9siste ongulaire.<\/p>\n<p>dans cette formation vous appendrez trois design \u00e0 r\u00e9aliser \u00e0 l\u2019ar\u00e9ographe : le populaire aura nails, l\u2019effet tie &amp; die ainsi que le baby color.<\/p>\n<p>&nbsp;<\/p>\n<\/div>\n<\/div>\n","protected":false},"featured_media":582,"comment_status":"open","ping_status":"closed","template":"","meta":[],"product_brand":[],"product_cat":[24],"product_tag":[20,21,18],"class_list":{"0":"post-581","1":"product","2":"type-product","3":"status-publish","4":"has-post-thumbnail","6":"product_cat-foamtions-videos","7":"product_tag-formation","8":"product_tag-formation-videos","9":"product_tag-nail-art","11":"first","12":"instock","13":"sale","14":"downloadable","15":"shipping-taxable","16":"purchasable","17":"product-type-simple"},"yoast_head":"<!-- This site is optimized with the Yoast SEO plugin v25.3.1 - https:\/\/yoast.com\/wordpress\/plugins\/seo\/ -->\n<title>Nail Art technique - Airbrush - CoralieMua<\/title>\n<meta name=\"description\" content=\"D\u00e9couvres mes astuces et conseils dans ma formation vid\u00e9o pour r\u00e9ussir le nail art le plus tendance de l&#039;ann\u00e9e : le airbrush !\" \/>\n<meta name=\"robots\" content=\"index, follow, max-snippet:-1, max-image-preview:large, max-video-preview:-1\" \/>\n<link rel=\"canonical\" href=\"https:\/\/coraliemua.fr\/index.php\/produit\/nail-art-technique-airbrush\/\" \/>\n<meta property=\"og:locale\" content=\"fr_FR\" \/>\n<meta property=\"og:type\" content=\"article\" \/>\n<meta property=\"og:title\" content=\"Nail Art technique - Airbrush - CoralieMua\" \/>\n<meta property=\"og:description\" content=\"D\u00e9couvres mes astuces et conseils dans ma formation vid\u00e9o pour r\u00e9ussir le nail art le plus tendance de l&#039;ann\u00e9e : le airbrush !\" \/>\n<meta property=\"og:url\" content=\"https:\/\/coraliemua.fr\/index.php\/produit\/nail-art-technique-airbrush\/\" \/>\n<meta property=\"og:site_name\" content=\"CoralieMua\" \/>\n<meta property=\"article:modified_time\" content=\"2026-03-26T08:18:05+00:00\" \/>\n<meta property=\"og:image\" content=\"https:\/\/coraliemua.fr\/wp-content\/uploads\/2023\/11\/IMG_2218-scaled.jpg\" \/>\n\t<meta property=\"og:image:width\" content=\"1920\" \/>\n\t<meta property=\"og:image:height\" content=\"2560\" \/>\n\t<meta property=\"og:image:type\" content=\"image\/jpeg\" \/>\n<meta name=\"twitter:card\" content=\"summary_large_image\" \/>\n<meta name=\"twitter:label1\" content=\"Dur\u00e9e de lecture estim\u00e9e\" \/>\n\t<meta name=\"twitter:data1\" content=\"1 minute\" \/>\n<script type=\"application\/ld+json\" class=\"yoast-schema-graph\">{\"@context\":\"https:\/\/schema.org\",\"@graph\":[{\"@type\":\"WebPage\",\"@id\":\"https:\/\/coraliemua.fr\/index.php\/produit\/nail-art-technique-airbrush\/\",\"url\":\"https:\/\/coraliemua.fr\/index.php\/produit\/nail-art-technique-airbrush\/\",\"name\":\"Nail Art technique - Airbrush - CoralieMua\",\"isPartOf\":{\"@id\":\"https:\/\/coraliemua.fr\/#website\"},\"primaryImageOfPage\":{\"@id\":\"https:\/\/coraliemua.fr\/index.php\/produit\/nail-art-technique-airbrush\/#primaryimage\"},\"image\":{\"@id\":\"https:\/\/coraliemua.fr\/index.php\/produit\/nail-art-technique-airbrush\/#primaryimage\"},\"thumbnailUrl\":\"https:\/\/coraliemua.fr\/wp-content\/uploads\/2023\/11\/IMG_2218-scaled.jpg\",\"datePublished\":\"2023-11-08T08:59:55+00:00\",\"dateModified\":\"2026-03-26T08:18:05+00:00\",\"description\":\"D\u00e9couvres mes astuces et conseils dans ma formation vid\u00e9o pour r\u00e9ussir le nail art le plus tendance de l'ann\u00e9e : le airbrush !\",\"breadcrumb\":{\"@id\":\"https:\/\/coraliemua.fr\/index.php\/produit\/nail-art-technique-airbrush\/#breadcrumb\"},\"inLanguage\":\"fr-FR\",\"potentialAction\":[{\"@type\":\"ReadAction\",\"target\":[\"https:\/\/coraliemua.fr\/index.php\/produit\/nail-art-technique-airbrush\/\"]}]},{\"@type\":\"ImageObject\",\"inLanguage\":\"fr-FR\",\"@id\":\"https:\/\/coraliemua.fr\/index.php\/produit\/nail-art-technique-airbrush\/#primaryimage\",\"url\":\"https:\/\/coraliemua.fr\/wp-content\/uploads\/2023\/11\/IMG_2218-scaled.jpg\",\"contentUrl\":\"https:\/\/coraliemua.fr\/wp-content\/uploads\/2023\/11\/IMG_2218-scaled.jpg\",\"width\":1920,\"height\":2560},{\"@type\":\"BreadcrumbList\",\"@id\":\"https:\/\/coraliemua.fr\/index.php\/produit\/nail-art-technique-airbrush\/#breadcrumb\",\"itemListElement\":[{\"@type\":\"ListItem\",\"position\":1,\"name\":\"Accueil\",\"item\":\"https:\/\/coraliemua.fr\/\"},{\"@type\":\"ListItem\",\"position\":2,\"name\":\"Produits\",\"item\":\"https:\/\/coraliemua.fr\/index.php\/shop\/\"},{\"@type\":\"ListItem\",\"position\":3,\"name\":\"Nail Art technique &#8211; Airbrush\"}]},{\"@type\":\"WebSite\",\"@id\":\"https:\/\/coraliemua.fr\/#website\",\"url\":\"https:\/\/coraliemua.fr\/\",\"name\":\"CoralieMua\",\"description\":\"Formations en ligne pour proth\u00e9siste ongulaire\",\"potentialAction\":[{\"@type\":\"SearchAction\",\"target\":{\"@type\":\"EntryPoint\",\"urlTemplate\":\"https:\/\/coraliemua.fr\/?s={search_term_string}\"},\"query-input\":{\"@type\":\"PropertyValueSpecification\",\"valueRequired\":true,\"valueName\":\"search_term_string\"}}],\"inLanguage\":\"fr-FR\"}]}<\/script>\n<!-- \/ Yoast SEO plugin. -->","yoast_head_json":{"title":"Nail Art technique - Airbrush - CoralieMua","description":"D\u00e9couvres mes astuces et conseils dans ma formation vid\u00e9o pour r\u00e9ussir le nail art le plus tendance de l'ann\u00e9e : le airbrush !","robots":{"index":"index","follow":"follow","max-snippet":"max-snippet:-1","max-image-preview":"max-image-preview:large","max-video-preview":"max-video-preview:-1"},"canonical":"https:\/\/coraliemua.fr\/index.php\/produit\/nail-art-technique-airbrush\/","og_locale":"fr_FR","og_type":"article","og_title":"Nail Art technique - Airbrush - CoralieMua","og_description":"D\u00e9couvres mes astuces et conseils dans ma formation vid\u00e9o pour r\u00e9ussir le nail art le plus tendance de l'ann\u00e9e : le airbrush !","og_url":"https:\/\/coraliemua.fr\/index.php\/produit\/nail-art-technique-airbrush\/","og_site_name":"CoralieMua","article_modified_time":"2026-03-26T08:18:05+00:00","og_image":[{"width":1920,"height":2560,"url":"https:\/\/coraliemua.fr\/wp-content\/uploads\/2023\/11\/IMG_2218-scaled.jpg","type":"image\/jpeg"}],"twitter_card":"summary_large_image","twitter_misc":{"Dur\u00e9e de lecture estim\u00e9e":"1 minute"},"schema":{"@context":"https:\/\/schema.org","@graph":[{"@type":"WebPage","@id":"https:\/\/coraliemua.fr\/index.php\/produit\/nail-art-technique-airbrush\/","url":"https:\/\/coraliemua.fr\/index.php\/produit\/nail-art-technique-airbrush\/","name":"Nail Art technique - Airbrush - CoralieMua","isPartOf":{"@id":"https:\/\/coraliemua.fr\/#website"},"primaryImageOfPage":{"@id":"https:\/\/coraliemua.fr\/index.php\/produit\/nail-art-technique-airbrush\/#primaryimage"},"image":{"@id":"https:\/\/coraliemua.fr\/index.php\/produit\/nail-art-technique-airbrush\/#primaryimage"},"thumbnailUrl":"https:\/\/coraliemua.fr\/wp-content\/uploads\/2023\/11\/IMG_2218-scaled.jpg","datePublished":"2023-11-08T08:59:55+00:00","dateModified":"2026-03-26T08:18:05+00:00","description":"D\u00e9couvres mes astuces et conseils dans ma formation vid\u00e9o pour r\u00e9ussir le nail art le plus tendance de l'ann\u00e9e : le airbrush !","breadcrumb":{"@id":"https:\/\/coraliemua.fr\/index.php\/produit\/nail-art-technique-airbrush\/#breadcrumb"},"inLanguage":"fr-FR","potentialAction":[{"@type":"ReadAction","target":["https:\/\/coraliemua.fr\/index.php\/produit\/nail-art-technique-airbrush\/"]}]},{"@type":"ImageObject","inLanguage":"fr-FR","@id":"https:\/\/coraliemua.fr\/index.php\/produit\/nail-art-technique-airbrush\/#primaryimage","url":"https:\/\/coraliemua.fr\/wp-content\/uploads\/2023\/11\/IMG_2218-scaled.jpg","contentUrl":"https:\/\/coraliemua.fr\/wp-content\/uploads\/2023\/11\/IMG_2218-scaled.jpg","width":1920,"height":2560},{"@type":"BreadcrumbList","@id":"https:\/\/coraliemua.fr\/index.php\/produit\/nail-art-technique-airbrush\/#breadcrumb","itemListElement":[{"@type":"ListItem","position":1,"name":"Accueil","item":"https:\/\/coraliemua.fr\/"},{"@type":"ListItem","position":2,"name":"Produits","item":"https:\/\/coraliemua.fr\/index.php\/shop\/"},{"@type":"ListItem","position":3,"name":"Nail Art technique &#8211; Airbrush"}]},{"@type":"WebSite","@id":"https:\/\/coraliemua.fr\/#website","url":"https:\/\/coraliemua.fr\/","name":"CoralieMua","description":"Formations en ligne pour proth\u00e9siste ongulaire","potentialAction":[{"@type":"SearchAction","target":{"@type":"EntryPoint","urlTemplate":"https:\/\/coraliemua.fr\/?s={search_term_string}"},"query-input":{"@type":"PropertyValueSpecification","valueRequired":true,"valueName":"search_term_string"}}],"inLanguage":"fr-FR"}]}},"_links":{"self":[{"href":"https:\/\/coraliemua.fr\/index.php\/wp-json\/wp\/v2\/product\/581","targetHints":{"allow":["GET"]}}],"collection":[{"href":"https:\/\/coraliemua.fr\/index.php\/wp-json\/wp\/v2\/product"}],"about":[{"href":"https:\/\/coraliemua.fr\/index.php\/wp-json\/wp\/v2\/types\/product"}],"replies":[{"embeddable":true,"href":"https:\/\/coraliemua.fr\/index.php\/wp-json\/wp\/v2\/comments?post=581"}],"wp:featuredmedia":[{"embeddable":true,"href":"https:\/\/coraliemua.fr\/index.php\/wp-json\/wp\/v2\/media\/582"}],"wp:attachment":[{"href":"https:\/\/coraliemua.fr\/index.php\/wp-json\/wp\/v2\/media?parent=581"}],"wp:term":[{"taxonomy":"product_brand","embeddable":true,"href":"https:\/\/coraliemua.fr\/index.php\/wp-json\/wp\/v2\/product_brand?post=581"},{"taxonomy":"product_cat","embeddable":true,"href":"https:\/\/coraliemua.fr\/index.php\/wp-json\/wp\/v2\/product_cat?post=581"},{"taxonomy":"product_tag","embeddable":true,"href":"https:\/\/coraliemua.fr\/index.php\/wp-json\/wp\/v2\/product_tag?post=581"}],"curies":[{"name":"wp","href":"https:\/\/api.w.org\/{rel}","templated":true}]}}